 2. Let v(f) = -2*f**u - 3 - f**2 + 7*f - 3 + 2*f**2. Determine v(5).
4
Let i(q) = -q**2 - 2*q + 1. Suppose -4*h + 3*h + 2 = 0. Suppose h*v + 3*v = -5*z + 15, -8 = 2*z. Suppose -k - 3*f + 2 - 9 = 0, 2*k - f - v = 0. Determine i(k).
-7
Let d be (-126)/(-35) - (-4)/10. Let m(t) = t**3 - 6*t**2 - 4*t + 3. Let i(j) = j**2 + 1. Let c(b) = 3*i(b) + m(b). Give c(d).
6
Let z(s) = -s + 8. Let a be 90/(-20)*(-4)/3. What is z(a)?
2
Let q(o) = o**2 + 4*o - 5. Let w(y) = -y**3 - 6*y**2 + 6*y + 2. Let p(n) = 2*n**3 + 13*n**2 - 13*n - 4. Let m(i) = 6*p(i) + 13*w(i). Let f be m(2). Give q(f).
7
Let f(o) = o**3 + 0*o + 2*o - o - 2 + 24*o**2 - 23*o**2. Determine f(2).
12
Suppose -2*b - 3*n = -14, -2*b - 26 = -4*b + 3*n. Let m be (-4)/(-6) + b/3. Let g be 3 + -3 + m*1. Let i(x) = -x**3 + 3*x**2 + 6*x - 5. Determine i(g).
3
Let u(n) = n**2 - 15*n + 2. Let s be u(15). Let f(i) be the second derivative of i + 1/3*i**3 + 0 - s*i**2. Determine f(3).
2
Let x(n) = -5*n**2 - 4*n - 3. Let c(h) = -h**3 - 7*h**2 - 5*h. Let p be c(-6). Let j(r) = 4*r**2 + 4*r + 2. Let b(a) = p*j(a) - 5*x(a). What is b(4)?
3
Let m(c) = -2*c + 1. Let u be 7/((-35)/(-12)) + 14/(-35). Give m(u).
-3
Suppose o + 11 = 4*m - m, 3*o - 2*m = -12. Let d be 1 - (-1 + 1 + o). Let r(v) = 3 - 5*v + 4*v**2 - 5 + v**d - 2. Give r(-5).
-4
Let i(w) = -5*w**3 - 8*w**2 - 3*w - 6. Let s(a) = -a**3 - a**2 - a - 1. Let r(n) = i(n) - 4*s(n). What is r(-4)?
-6
Let b = -9 - -7. Let u be (-4)/((-2 + 3)*b). Let j(z) be the third derivative of z**5/30 + z**4/24 - z**3/3 - z**2. What is j(u)?
8
Let h be 76/(-3) + (-2)/(-6). Let f be (-1*2)/((-10)/h). Let y(o) = o - 1. Give y(f).
-6
Let z(f) = f**2 - 2. Let g be z(2). Let i be (0 - -1)/(1/g). Let l(b) = b + 3. Let v(d) = -2*d - 4. Let p(n) = -3*l(n) - 2*v(n). What is p(i)?
1
Let y(w) = 2 - w + 0 - 5 - w. Let g = 5 - 10. What is y(g)?
7
Let j(q) = -q**3 - 5*q**2 + 8*q + 1. Let h(v) = v**2 + 17*v - 24. Let l be h(-18). Calculate j(l).
-11
Suppose -b = -11*b - 50. Let x(c) = -c**2 - 6*c - 7. What is x(b)?
-2
Let y(s) = -s. Let n(u) be the third derivative of u**5/60 - 5*u**4/24 - u**3/3 + u**2. Let w(r) = -n(r) + 4*y(r). What is w(0)?
2
Let k(g) be the first derivative of -g**2/2 + 4*g + 18. What is k(-4)?
8
Let o(r) = -189 + 182 + r + 0*r. Give o(5).
-2
Let d = -7 - -10. Suppose 0 = -x - d - 1. Let y(i) = -i**3 - 5*i**2 - 6*i - 2. Determine y(x).
6
Let i(w) = -8*w**2 - 6 + 5*w + 9*w**2 + 4. Give i(-5).
-2
Let k = 330 - 19799/60. Let h(q) be the third derivative of -q**2 - 1/2*q**3 + 0 + 0*q + 0*q**4 + k*q**5. Give h(3).
6
Suppose 4*a + 2 = 3*h, -a + 5*h = 4 + 5. Let q(y) = -2*y**3 - y**2 + y. Calculate q(a).
-2
Let x(t) = -t**2 + 4*t - 3. Let f be (-2 - -3)*(1 - -3). What is x(f)?
-3
Let h(l) be the first derivative of l**2/2 - 2*l - 4. Let v(z) = 2*z**2 - 5*z + 2. Let p be v(3). Suppose p + 0 = -a. Give h(a).
-7
Let v = -41 - -35. Let x(r) = 0*r**2 + 6*r - 5*r**2 + 0*r**2 - r**3. Give x(v).
0
Let j(m) = -2*m + 16. Let u be j(12). Let o be (-1 - u)*1 - 3. Let s(z) = z**2 - 6*z + 1. What is s(o)?
-7
Let i(u) = -7*u**2 + 2*u - 2. Let r(v) = 20*v**2 - 5*v + 6. Let x(k) = k**3 - 7*k**2 - 9*k + 2. Let g be x(8). Let p(n) = g*r(n) - 17*i(n). Give p(-5).
-7
Let m be (11 - 1)*1/(-2). Let x(w) = 1. Let h(b) = 4. Let g(a) = -h(a) + 3*x(a). Let p(d) = -d - 2. Let v(s) = 4*g(s) + p(s). Calculate v(m).
-1
Let y(s) = s**3 + 6*s**2 + 5*s - 2. Suppose 3*q = -b + 2*q + 4, -2*b + 4*q - 10 = 0. Suppose 7*p = 4*p - 9. Let o be (p - b)*20/16. What is y(o)?
-2
Let g(u) = -3*u**3 + u**2 + u. Let c be g(-1). Let v(l) = -c*l + 6*l + 1 - 2. Let r = 19 + -20. Determine v(r).
-4
Let j = 3 + 4. Suppose -5*m - 19 = -r, -j = 2*r + m + 4*m. Let u(o) = -o + 4. Give u(r).
0
Suppose 0*p - 2 = p. Let k(t) = -5*t + 1. What is k(p)?
11
Let n(i) = -i + 2. Let x(p) = -3*p + 7. Let w(m) = -17*n(m) + 6*x(m). Determine w(4).
4
Let l(h) = h**2 - 4*h. Let u be l(3). Let r(d) be the third derivative of -d**6/120 - d**5/12 - d**4/8 - d**3/3 + 85*d**2. Calculate r(u).
-11
Let v(p) = -3*p**2 + 6*p + 4*p**2 + 7 - p. Suppose 14 + 1 = 3*i. Suppose -19 = i*k + 6. Determine v(k).
7
Let o = 7 - 5. Let n(q) = 3*q**2 - q + 9*q**3 - 7*q**3 - q**o + 0*q. Give n(-2).
-6
Let r(h) = -4*h + 6. Suppose k = 10 - 0. Suppose 0 = 2*x + 2 - k. Calculate r(x).
-10
Let v(u) = -6 - 5 + 0*u + 2*u - u. Let r be v(6). Let p(n) be the third derivative of n**6/120 + n**5/15 - n**4/8 + 5*n**3/6 - 4*n**2. Determine p(r).
-5
Let q(k) = -k + 7. Let d be q(3). Let g(b) be the first derivative of b**2 + 2*b + 1. Determine g(d).
10
Suppose -5 = m + 4*m. Let a(r) = -3*r**3 - 1 + 4*r - 3*r**3 + 3*r**2 - 3*r**3. Let k(z) = z**2 + z - 1. Let f(q) = -a(q) + 2*k(q). Calculate f(m).
-9
Let x(y) be the second derivative of -y**3/6 + y**2/2 + 2*y. Let n be x(-1). Let k(q) = 0*q**2 + 5*q**2 + n*q - q**2 - 5*q**2. What is k(3)?
-3
Let p = -8 - -5. Let g(k) be the first derivative of -k**3/6 - k**2/2 - 2*k + 2. Let n(q) be the first derivative of g(q). Determine n(p).
2
Let o(n) = -n + 5. Suppose q - 10 = -q, -3*h + q + 7 = 0. What is o(h)?
1
Suppose -d - 2*d = 0. Let v(r) = -1 + d - 4*r + 3*r - r. Give v(3).
-7
Let g(a) = -a**3 - 5*a**2 + 5*a - 2. Let h be (-9)/(-1 - 2) - 5. Let q be 13/h - (-2)/4. Determine g(q).
4
Let q(i) = -3*i + 4. Let z(y) = y**3 + 9*y**2 + 8*y - 2. Let l be z(-8). Let u = -5 - l. Calculate q(u).
13
Let p(i) be the first derivative of i**7/280 + i**6/90 + i**5/30 + i**4/12 - 2*i**3 + 3. Let v(o) be the third derivative of p(o). What is v(-2)?
-14
Let u(y) = y + 7. Let s(k) = -k**2 + 5*k - 1. Let j be s(6). Calculate u(j).
0
Let s = -12 + 14. Let n(f) = 2*f**2 - f + 2. Give n(s).
8
Suppose -3*x = 2*x. Let r = 6 - 2. Let j(s) = -s**2 + 2*s**2 + r + 0*s**2. Calculate j(x).
4
Let x(m) be the second derivative of -1/2*m**2 + 2/3*m**3 - 2*m + 0. What is x(3)?
11
Let g(q) = -q + 8. Suppose 5*k = -0*k - 2*o + 49, 11 = k + o. Determine g(k).
-1
Suppose 8*m - 45 = 3*m. Suppose 11 = p + 3*s, -m = -2*p - s + 3. Let g(u) = u + 1. What is g(p)?
6
Let w(p) be the first derivative of -p**3/3 - 2*p**2 - 6*p + 2. Suppose 3*o - 1 = 5*a, o + 3*a + 3 = 8. Let r = -3 - o. Calculate w(r).
-11
Let q(s) be the first derivative of -s**3/3 + 3*s**2/2 - 3*s - 19. Determine q(3).
-3
Let k(j) be the first derivative of j**4/4 + 2*j**3 - 2*j**2 + 9*j - 12. Calculate k(-7).
-12
Let m = 5 - 2. Let n(y) = -y**2 + 4*y**2 - m*y - 2 + 2*y. Let s(d) = -10*d**2 + 3*d + 7. Let r(f) = -7*n(f) - 2*s(f). Determine r(2).
-2
Let z(i) = -7*i**3 - i + 4. Let p(x) = -6*x**3 - x + 3. Suppose 4 + 5 = -3*u. Let q(h) = u*z(h) + 4*p(h). Let j = 2 - 3. Give q(j).
4
Let k(z) = z**2 + z + 6. Let w = -19 + 19. Determine k(w).
6
Let n(f) = -3 + 2 + 3*f + 4 - f**2 - 5*f. Determine n(-3).
0
Let q(z) be the first derivative of z**2 + 2 + z + 5/12*z**4 - 5/6*z**3 - 1/20*z**5. Let m(f) be the first derivative of q(f). Determine m(4).
-2
Let x(s) = s**2 - 2*s - 5. Let k(a) = -a**2 + 2*a + 5. Let v(l) = 5*k(l) + 4*x(l). Let w be v(4). Let p = w + 3. Let q(g) = -g - 8. Determine q(p).
-8
Let m(z) = 4*z**2 - z - 8. Let t(f) = -18*f - 1 + 18*f + f**2 + 0. Let g(s) = -m(s) + 3*t(s). Determine g(0).
5
Let l = 14 - 14. Let w(u) = -u**2 + u + 3. What is w(l)?
3
Let k(z) = 4*z + 14*z - 17*z + 12. Determine k(-5).
7
Let p(a) be the first derivative of -a**3/3 + a + 4. Let d be 4/6*3*1. What is p(d)?
-3
Suppose 3 = 2*d - d. Let u be 2*(-3 + 4 + 0). Let x(t) = 7 + 6 - 2*t - 3 - 6 + t**u. Give x(d).
7
Let f(l) = -6 + 5*l + l**3 - 11*l + 5*l. Give f(0).
-6
Let s be 336/60 - (-4)/10. Let q(t) = t**3 - 5*t**2 - 7*t + 3. Let a be q(s). Let h(k) = k**3 + 2*k**2 - 2*k - 3. Calculate h(a).
-6
Let u be 3/(-6)*-10 + -3. Let c = u - 0. Let j(k) = k**2 - 6*k + 3. What is j(c)?
-5
Let h(l) be the first derivative of l + 1 - 1/2*l**2. Let k(v) = -v**3 + 12*v**2 - 13*v + 21. Let i be k(11). Give h(i).
2
Let p(o) = 5*o**2 + 9*o - 4. Let u(n) = n**2 + 6*n - 5. Let g be u(-7). Let m(z) = -2*z - z**g + 6*z - 5*z. Let l(y) = -6*m(y) - p(y). Calculate l(3).
4
Let j(a) = -3*a**2 - 21*a + 16. Let i(x) = x**2 + 7*x - 5. Let c(p) = -7*i(p) - 2*j(p). Determine c(-8).
-5
Let f(g) be the second derivative of g**4/12 + 4*g**3/3 + 4*g**2 - g. Determine f(-7).
1
Let k(y) be the second derivative of y**4/12 + y**3/2 + y**2 + 8*y. What is k(-2)?
